 the greatest common factor of h and r?
11
Let o = -2 + 29. Suppose 0 = 2*w + w - 18. Suppose 5*y - 3*s = -w*s + 60, -3*s = y - 24. What is the greatest common divisor of y and o?
9
Suppose -3*t + 9 + 69 = 0. Calculate the greatest common divisor of t and 26.
26
Let r(n) = 2*n - 10. Let j be ((-6)/(-12))/(2/52). Let p be r(j). Calculate the greatest common divisor of p and 32.
16
Let l be 1*4 + (-48)/(-16). Calculate the greatest common divisor of 28 and l.
7
Suppose -3*t + 5 = -7. Let y be 12*(-2 + 3)/3. Suppose -9 = -2*c - 3*c - 4*z, 5*c - y = z. What is the highest common factor of c and t?
1
Let t = -5 + 16. Let n be t/(-1*(-1)/3). What is the greatest common divisor of n and 3?
3
Let a(o) = -o**2 - 10*o - 5. Let x be a(-4). Calculate the highest common divisor of x and 133.
19
Let x(i) = -28*i - 1. Let n be x(-2). Let m = -407 + 412. Calculate the highest common divisor of m and n.
5
Let o(d) = 6*d**3 - 2*d**2 - 1. Let y be o(2). Calculate the highest common divisor of y and 13.
13
Let f be 1/(-2)*2 - 62/(-2). Calculate the highest common divisor of 12 and f.
6
Suppose 3 = 3*c - 9. Calculate the greatest common factor of c and 8.
4
Let w(a) = -6*a**3 + a**2 + a + 1. Let d be w(-2). Calculate the greatest common factor of 17 and d.
17
Suppose -10 = -4*x + 2*x. Suppose -3*p + 13 = f - 6, 0 = -5*f - x*p + 95. What is the greatest common divisor of f and 57?
19
Let g be (-329)/4 - (-12)/48. Let s = g + 163. Calculate the highest common divisor of s and 9.
9
Suppose -2*h = 0, -5 = -2*q + q - h. Let c be ((-3)/2)/(q/(-60)). What is the highest common factor of 36 and c?
18
Let u(f) = 2*f**2 + 8*f + 2. Let i be u(-6). Let v = 1 + 12. Suppose -2*x + v = -x. What is the greatest common divisor of x and i?
13
Let v(h) = -2*h**3 - 4*h**2 + 2*h - 1. Let z(n) = n - 1. Let w be z(-1). Let i = -2 + w. Let s be v(i). What is the greatest common factor of 5 and s?
5
Let x(c) = -38*c - 21. Let j be x(-6). Calculate the highest common divisor of 23 and j.
23
Let t = 18 - 25. Let k be (-2)/t - (-4)/(-14). Let p be -2 - k/3 - -12. What is the greatest common divisor of p and 40?
10
Let v(h) = 3 + 7*h + 0 + 4. Let y be v(5). Calculate the greatest common divisor of y and 105.
21
Suppose 7*o - 90 = 2*o. Suppose 0 = -4*l + 5*l + 3*u - 18, 2*u - 48 = -2*l. What is the highest common divisor of o and l?
9
Let i = 1 - -1. Suppose i*b - 30 = -2*x, 65 = 4*x + b - 2*b. Calculate the highest common factor of 40 and x.
8
Let b = -3 + 3. Let k be 1*(b + 0) - -11. Let t = 179 + -102. What is the highest common divisor of k and t?
11
Let y be (35/(-28))/(2/8). Let l = y + 8. Suppose -15 - l = -2*n. What is the greatest common factor of n and 81?
9
Let v be 3 + 0*3/(-6). Suppose 5 = 2*u - p, 3*u - 4*p = 2 + 8. Calculate the highest common factor of u and v.
1
Let z be (-3)/(12/(-980)) + 0. What is the greatest common divisor of z and 35?
35
Suppose 0 = -4*c + p + 4*p + 18, 2*c + 5*p = 24. Let n be 24*(63/6)/c. Calculate the highest common factor of n and 4.
4
Let p = -3 - -7. Suppose -3*x + p = -29. Calculate the highest common factor of 55 and x.
11
Suppose -4*h + 5*r + 140 = 0, 4*h - 144 = -2*r + 6*r. Let v = 21 - 5. Calculate the highest common divisor of v and h.
8
Let l(o) = 12*o**2 + 6*o + 1. Let y be l(-3). What is the greatest common factor of y and 26?
13
Let b(w) = w**2 - 2*w + 5. Let i be b(-3). Calculate the highest common factor of i and 120.
20
Suppose -13*g - 168 = -15*g. Calculate the highest common divisor of 12 and g.
12
Let c = -59 - -89. Calculate the greatest common divisor of 6 and c.
6
Let t be ((-6)/3)/(-2) + 2. Suppose -t*d = -4*d + 66. Calculate the greatest common divisor of d and 44.
22
Suppose -28 = -5*h + 17. Suppose h = -5*f + 79. Suppose -4*a + 176 - 8 = 0. Calculate the highest common factor of a and f.
14
Let n be (-4)/6 + 38/3. Suppose -4*k + 52 = -8. Suppose -c - v = v - 42, 5*v = -k. Calculate the greatest common factor of n and c.
12
Suppose 4*f - 6 - 3 = -c, -f = -2*c + 45. What is the highest common divisor of 3 and c?
3
Suppose o + 2*k = 24, 2*k = k + 1. Let p = o + -8. What is the highest common factor of 14 and p?
14
Let i = 130 - 50. Calculate the greatest common factor of i and 40.
40
Let i be 4/6*(-81)/(-2). Suppose 2*o = i - 11. What is the greatest common factor of o and 8?
8
Let a(w) = -22*w - 21. Let z be a(-3). What is the highest common divisor of z and 495?
45
Let i be (6/(-12))/((-2)/(-72)). Let j be 4/2 + (i - -1). Let g be (-1)/3 + (-65)/j. Calculate the highest common divisor of 2 and g.
2
Let f = -4 + 6. Suppose f*s + 3 = -s. Let a be s + (9 - 0/2). What is the greatest common factor of 40 and a?
8
Let v be 0 - -8 - (0/2 + -3). Calculate the greatest common divisor of 121 and v.
11
Suppose 3*t + 5*c = -2*t + 80, -2*c = -t + 10. What is the greatest common divisor of 112 and t?
14
Suppose 3*y - 6 = 3. Let u be (-190)/(-8) - 1/(-4). What is the highest common factor of u and y?
3
Suppose -5*j = v - 2*v - 355, -4*v = -20. Calculate the greatest common divisor of 9 and j.
9
Let v be 4/(-10) + (-17)/(-5). Suppose 5*u - 79 = 4*t, -2*t = v*t + 5. Calculate the highest common divisor of 15 and u.
15
Let c(v) = v - 1. Let u(j) = 7*j - 4. Let g(r) = -3*c(r) + u(r). Let n be g(5). What is the greatest common factor of n and 209?
19
Let t(p) = 14*p - 10. Let j be t(2). Calculate the highest common factor of 54 and j.
18
Let t be (-352)/(-56) + -6 + (-1816)/(-14). What is the highest common divisor of t and 26?
26
Let r(g) = -g - 1 + 0*g - 1. Let d be r(-5). Suppose -5*l + 11 = o, 0 = -o + 6*o - l - 3. Calculate the greatest common divisor of o and d.
1
Suppose x - 2*x = 8. Let v be (-2)/4*33*x. What is the greatest common factor of v and 12?
12
Let n be 1*((-2 - -1) + 1). Let p be 2 + 0 - (n + -2). Suppose p*y - y - 45 = 0. Calculate the highest common divisor of 30 and y.
15
Let x(t) = -t**3 + 3*t**2 + 3*t - 1. Suppose 0 = 5*s - 4*z - 7, -2*z + 7 = 3*s - 3*z. Let v be x(s). What is the highest common divisor of 8 and v?
8
Let v(i) = -18*i - 9. Let a be v(-2). What is the greatest common factor of 81 and a?
27
Let g(m) = m**3 - 7*m**2 + 6*m + 5. Let x be g(6). Suppose x*f + 0 + 10 = 0. Let z be ((-12)/f)/2 + 4. Calculate the highest common factor of 14 and z.
7
Suppose -5*b + 125 = 5*h, -3*b + 107 = 2*b - 4*h. Calculate the greatest common divisor of 253 and b.
23
Suppose -13 = -4*i - 5. Let m be 1*i + (-2 - -11). Suppose -13*w = -8*w - 275. Calculate the highest common factor of w and m.
11
Let k be 21 + (-4 - (-1 + 0)). Let s be 12/k + 223/3. Let y = -42 + s. Calculate the highest common divisor of y and 3.
3
Let b(q) = -4*q - 8. Let s be b(-5). Let m be (20/6)/((-2)/(-72)). Suppose -v + m = v. What is the greatest common factor of s and v?
12
Let u(p) = p + 9. Suppose -2*t - t = -33. Let o be u(t). What is the greatest common divisor of o and 30?
10
Let p = 82 + -78. What is the greatest common divisor of 32 and p?
4
Suppose -15 = -5*l - 0. Let f be 0/(1 - l - 0). Suppose 3*p - 5*p + 104 = f. Calculate the highest common factor of 13 and p.
13
Suppose 0 = 4*u + m - 43, 2*u - 3*m - 11 = 0. Let w be (-1 - -80) + (-4)/(-4). Calculate the greatest common factor of u and w.
10
Let h = 0 + 16. Suppose 5*n + 8 - 808 = 0. Suppose j + 3*j - n = 0. What is the greatest common divisor of j and h?
8
Let i(l) = 2*l**2 + l - 2. Let v be i(-2). Let y = -5 + 35. Suppose 2*h - 3*h - v*b + 30 = 0, y = 2*h + 2*b. What is the greatest common factor of h and 2?
2
Let p = 57 - 49. What is the greatest common factor of 104 and p?
8
Let i = -9 - -15. Suppose -i*h + 3*h = -42. Calculate the highest common factor of 98 and h.
14
Suppose 0 = 3*q - 3 - 27. Let c = q - 3. Suppose c*r = 2*r + 10. What is the highest common factor of 1 and r?
1
Let r be (549/(-3) - 2) + -2. Let m = -70 - r. What is the greatest common divisor of m and 13?
13
Let h = -30 + 33. Suppose 10*v - h*v - 84 = 0. What is the greatest common factor of v and 84?
12
Let x(f) = -f**3 + f**2 - f + 48. Let c be x(0). Suppose 0*w - 5*q = -w - 4, -16 = -2*w - 2*q. Calculate the highest common divisor of w and c.
6
Suppose 3*d + 4 = 16. Suppose h = -2*n + 4, 0 = -4*h - 2*n + d. Suppose -t - 4*t + 75 = h. Calculate the highest common factor of 75 and t.
15
Let n be 2/(-7) + 60/14. Suppo